{"id":623,"date":"2020-11-29T15:40:11","date_gmt":"2020-11-29T14:40:11","guid":{"rendered":"https:\/\/gesiic-sorbonne.fr\/?page_id=623"},"modified":"2025-11-17T10:59:37","modified_gmt":"2025-11-17T09:59:37","slug":"parrainage-des-etudiants-du-master","status":"publish","type":"page","link":"https:\/\/gesiic-sorbonne.fr\/?page_id=623","title":{"rendered":"PARRAINS\/MARRAINES"},"content":{"rendered":"\n<h3 class=\"wp-block-heading\">DERNIERES PROMOTIONS DU MASTER GESIIC\/RED et \/REIM :<\/h3>\n\n\n\n<figure class=\"wp-block-gallery has-nested-images columns-default is-cropped wp-block-gallery-1 is-layout-flex wp-block-gallery-is-layout-flex\">\n<figure class=\"wp-block-image size-full\"><img loading=\"lazy\" decoding=\"async\" width=\"521\" height=\"521\" data-id=\"3001\" src=\"https:\/\/gesiic-sorbonne.fr\/wp-content\/uploads\/2023\/02\/Cadre-RED.gif\" alt=\"\" class=\"wp-image-3001\"\/><\/figure>\n\n\n\n<figure class=\"wp-block-image size-full\"><img loading=\"lazy\" decoding=\"async\" width=\"521\" height=\"521\" data-id=\"3004\" src=\"https:\/\/gesiic-sorbonne.fr\/wp-content\/uploads\/2023\/02\/Cadre-REIM.gif\" alt=\"\" class=\"wp-image-3004\"\/><\/figure>\n<\/figure>\n\n\n\n<figure class=\"wp-block-gallery has-nested-images columns-default is-cropped wp-block-gallery-2 is-layout-flex wp-block-gallery-is-layout-flex\">\n<figure class=\"wp-block-image size-full\"><img loading=\"lazy\" decoding=\"async\" width=\"250\" height=\"250\" data-id=\"4040\" src=\"https:\/\/gesiic-sorbonne.fr\/wp-content\/uploads\/2025\/11\/Parrain-Bouvet.jpg\" alt=\"\" class=\"wp-image-4040\" srcset=\"https:\/\/gesiic-sorbonne.fr\/wp-content\/uploads\/2025\/11\/Parrain-Bouvet.jpg 250w, https:\/\/gesiic-sorbonne.fr\/wp-content\/uploads\/2025\/11\/Parrain-Bouvet-150x150.jpg 150w, https:\/\/gesiic-sorbonne.fr\/wp-content\/uploads\/2025\/11\/Parrain-Bouvet-70x70.jpg 70w, https:\/\/gesiic-sorbonne.fr\/wp-content\/uploads\/2025\/11\/Parrain-Bouvet-246x246.jpg 246w, https:\/\/gesiic-sorbonne.fr\/wp-content\/uploads\/2025\/11\/Parrain-Bouvet-125x125.jpg 125w\" sizes=\"auto, (max-width: 250px) 100vw, 250px\" \/><figcaption class=\"wp-element-caption\"><strong><mark style=\"background-color:rgba(0, 0, 0, 0)\" class=\"has-inline-color has-black-color\"><br><br><\/mark><mark style=\"background-color:rgba(0, 0, 0, 0)\" class=\"has-inline-color has-white-color\">Luc Bouvet<\/mark><\/strong><br><strong>Directeur G\u00e9n\u00e9ral Eiffage Immobilier<\/strong><br><strong><mark style=\"background-color:rgba(0, 0, 0, 0)\" class=\"has-inline-color has-white-color\">Parrain de la promotion RED 2025\/2026<\/mark><\/strong><\/figcaption><\/figure>\n\n\n\n<figure class=\"wp-block-image size-full\"><img loading=\"lazy\" decoding=\"async\" width=\"276\" height=\"277\" data-id=\"4028\" src=\"https:\/\/gesiic-sorbonne.fr\/wp-content\/uploads\/2025\/10\/Tritantjpg.jpg\" alt=\"\" class=\"wp-image-4028\" srcset=\"https:\/\/gesiic-sorbonne.fr\/wp-content\/uploads\/2025\/10\/Tritantjpg.jpg 276w, https:\/\/gesiic-sorbonne.fr\/wp-content\/uploads\/2025\/10\/Tritantjpg-150x150.jpg 150w, https:\/\/gesiic-sorbonne.fr\/wp-content\/uploads\/2025\/10\/Tritantjpg-250x250.jpg 250w, https:\/\/gesiic-sorbonne.fr\/wp-content\/uploads\/2025\/10\/Tritantjpg-70x70.jpg 70w, https:\/\/gesiic-sorbonne.fr\/wp-content\/uploads\/2025\/10\/Tritantjpg-246x246.jpg 246w, https:\/\/gesiic-sorbonne.fr\/wp-content\/uploads\/2025\/10\/Tritantjpg-125x125.jpg 125w\" sizes=\"auto, (max-width: 276px) 100vw, 276px\" \/><figcaption class=\"wp-element-caption\"><mark style=\"background-color:rgba(0, 0, 0, 0)\" class=\"has-inline-color has-white-color\"><strong>Jean-Marie TRITANT<br>Pr\u00e9sident Groupe Unibail-Rodamco-Westfield<\/strong><br><strong>Parrain de la promotion REIM 2025\/2026 <\/strong><\/mark><\/figcaption><\/figure>\n<\/figure>\n\n\n\n<figure class=\"wp-block-gallery has-nested-images columns-default is-cropped wp-block-gallery-3 is-layout-flex wp-block-gallery-is-layout-flex\">\n<figure class=\"wp-block-image size-full\"><img loading=\"lazy\" decoding=\"async\" width=\"300\" height=\"300\" data-id=\"3661\" src=\"https:\/\/gesiic-sorbonne.fr\/wp-content\/uploads\/2024\/10\/Marraine2024RED.jpg\" alt=\"\" class=\"wp-image-3661\" srcset=\"https:\/\/gesiic-sorbonne.fr\/wp-content\/uploads\/2024\/10\/Marraine2024RED.jpg 300w, https:\/\/gesiic-sorbonne.fr\/wp-content\/uploads\/2024\/10\/Marraine2024RED-150x150.jpg 150w, https:\/\/gesiic-sorbonne.fr\/wp-content\/uploads\/2024\/10\/Marraine2024RED-250x250.jpg 250w, https:\/\/gesiic-sorbonne.fr\/wp-content\/uploads\/2024\/10\/Marraine2024RED-70x70.jpg 70w, https:\/\/gesiic-sorbonne.fr\/wp-content\/uploads\/2024\/10\/Marraine2024RED-246x246.jpg 246w, https:\/\/gesiic-sorbonne.fr\/wp-content\/uploads\/2024\/10\/Marraine2024RED-276x276.jpg 276w, https:\/\/gesiic-sorbonne.fr\/wp-content\/uploads\/2024\/10\/Marraine2024RED-125x125.jpg 125w\" sizes=\"auto, (max-width: 300px) 100vw, 300px\" \/><figcaption class=\"wp-element-caption\"><strong><mark style=\"background-color:rgba(0, 0, 0, 0)\" class=\"has-inline-color has-black-color\">B\u00e9atrice LIEVRE-THERY<br>Directrice g\u00e9n\u00e9rale de SOGEPROM<br>Marraine de la promotion RED 2024\/2025<\/mark><\/strong><\/figcaption><\/figure>\n\n\n\n<figure class=\"wp-block-image size-full\"><img loading=\"lazy\" decoding=\"async\" width=\"300\" height=\"300\" data-id=\"3662\" src=\"https:\/\/gesiic-sorbonne.fr\/wp-content\/uploads\/2024\/10\/Marraine2024REIM.jpg\" alt=\"\" class=\"wp-image-3662\" srcset=\"https:\/\/gesiic-sorbonne.fr\/wp-content\/uploads\/2024\/10\/Marraine2024REIM.jpg 300w, https:\/\/gesiic-sorbonne.fr\/wp-content\/uploads\/2024\/10\/Marraine2024REIM-150x150.jpg 150w, https:\/\/gesiic-sorbonne.fr\/wp-content\/uploads\/2024\/10\/Marraine2024REIM-250x250.jpg 250w, https:\/\/gesiic-sorbonne.fr\/wp-content\/uploads\/2024\/10\/Marraine2024REIM-70x70.jpg 70w, https:\/\/gesiic-sorbonne.fr\/wp-content\/uploads\/2024\/10\/Marraine2024REIM-246x246.jpg 246w, https:\/\/gesiic-sorbonne.fr\/wp-content\/uploads\/2024\/10\/Marraine2024REIM-276x276.jpg 276w, https:\/\/gesiic-sorbonne.fr\/wp-content\/uploads\/2024\/10\/Marraine2024REIM-125x125.jpg 125w\" sizes=\"auto, (max-width: 300px) 100vw, 300px\" \/><figcaption class=\"wp-element-caption\"><mark style=\"background-color:rgba(0, 0, 0, 0)\" class=\"has-inline-color has-black-color\"><strong>Anne SCHWARTZ<br>Deputy CEO Groupe PAREF<\/strong><\/mark><br><mark style=\"background-color:rgba(0, 0, 0, 0)\" class=\"has-inline-color has-black-color\"><strong>Marraine de la promotion REIM 2024\/2025 <\/strong><\/mark><\/figcaption><\/figure>\n<\/figure>\n\n\n\n<figure class=\"wp-block-gallery has-nested-images columns-default is-cropped wp-block-gallery-4 is-layout-flex wp-block-gallery-is-layout-flex\">\n<figure class=\"wp-block-image size-full\"><img loading=\"lazy\" decoding=\"async\" width=\"300\" height=\"300\" data-id=\"3285\" src=\"https:\/\/gesiic-sorbonne.fr\/wp-content\/uploads\/2023\/11\/Mounier.jpg\" alt=\"\" class=\"wp-image-3285\" srcset=\"https:\/\/gesiic-sorbonne.fr\/wp-content\/uploads\/2023\/11\/Mounier.jpg 300w, https:\/\/gesiic-sorbonne.fr\/wp-content\/uploads\/2023\/11\/Mounier-150x150.jpg 150w, https:\/\/gesiic-sorbonne.fr\/wp-content\/uploads\/2023\/11\/Mounier-250x250.jpg 250w, https:\/\/gesiic-sorbonne.fr\/wp-content\/uploads\/2023\/11\/Mounier-70x70.jpg 70w, https:\/\/gesiic-sorbonne.fr\/wp-content\/uploads\/2023\/11\/Mounier-246x246.jpg 246w, https:\/\/gesiic-sorbonne.fr\/wp-content\/uploads\/2023\/11\/Mounier-276x276.jpg 276w, https:\/\/gesiic-sorbonne.fr\/wp-content\/uploads\/2023\/11\/Mounier-125x125.jpg 125w\" sizes=\"auto, (max-width: 300px) 100vw, 300px\" \/><figcaption class=\"wp-element-caption\"><strong>Bernard MOUNIER<br>Pr\u00e9sident de Bouygues Immobilier<br>Parrain de la promotion RED 2023\/2024<\/strong><\/figcaption><\/figure>\n\n\n\n<figure class=\"wp-block-image size-full\"><img loading=\"lazy\" decoding=\"async\" width=\"298\" height=\"298\" data-id=\"3286\" src=\"https:\/\/gesiic-sorbonne.fr\/wp-content\/uploads\/2023\/11\/Martin-imperatori.jpg\" alt=\"\" class=\"wp-image-3286\" srcset=\"https:\/\/gesiic-sorbonne.fr\/wp-content\/uploads\/2023\/11\/Martin-imperatori.jpg 298w, https:\/\/gesiic-sorbonne.fr\/wp-content\/uploads\/2023\/11\/Martin-imperatori-150x150.jpg 150w, https:\/\/gesiic-sorbonne.fr\/wp-content\/uploads\/2023\/11\/Martin-imperatori-250x250.jpg 250w, https:\/\/gesiic-sorbonne.fr\/wp-content\/uploads\/2023\/11\/Martin-imperatori-70x70.jpg 70w, https:\/\/gesiic-sorbonne.fr\/wp-content\/uploads\/2023\/11\/Martin-imperatori-246x246.jpg 246w, https:\/\/gesiic-sorbonne.fr\/wp-content\/uploads\/2023\/11\/Martin-imperatori-276x276.jpg 276w, https:\/\/gesiic-sorbonne.fr\/wp-content\/uploads\/2023\/11\/Martin-imperatori-125x125.jpg 125w\" sizes=\"auto, (max-width: 298px) 100vw, 298px\" \/><figcaption class=\"wp-element-caption\"><mark style=\"background-color:rgba(0, 0, 0, 0)\" class=\"has-inline-color has-black-color\"><strong>Eric MARTIN-IMPERATORI <br>Avocat associ\u00e9 chez Gide Loyrette Nouel <br>Parrain de la promotion REIM 2023\/2024 <\/strong><\/mark><\/figcaption><\/figure>\n<\/figure>\n\n\n\n<h3 class=\"wp-block-heading\">MARRAINES ET PARRAINS DES ANCIENNES PROMOTIONS DU MASTER GESIIC :<\/h3>\n\n\n\n<figure class=\"wp-block-gallery has-nested-images columns-default is-cropped wp-block-gallery-5 is-layout-flex wp-block-gallery-is-layout-flex\">\n<figure class=\"wp-block-image size-full\"><img loading=\"lazy\" decoding=\"async\" width=\"270\" height=\"344\" data-id=\"2896\" src=\"https:\/\/gesiic-sorbonne.fr\/wp-content\/uploads\/2022\/10\/Sironval.jpg\" alt=\"\" class=\"wp-image-2896\" srcset=\"https:\/\/gesiic-sorbonne.fr\/wp-content\/uploads\/2022\/10\/Sironval.jpg 270w, https:\/\/gesiic-sorbonne.fr\/wp-content\/uploads\/2022\/10\/Sironval-235x300.jpg 235w\" sizes=\"auto, (max-width: 270px) 100vw, 270px\" \/><figcaption class=\"wp-element-caption\"><strong>Pierre SIRONVAL<\/strong><br>Deputy CEO du groupe Besix<br>Parrain de la promotion 2022\/2023<\/figcaption><\/figure>\n\n\n\n<figure class=\"wp-block-image size-large\"><img loading=\"lazy\" decoding=\"async\" width=\"270\" height=\"343\" data-id=\"2347\" src=\"https:\/\/gesiic-sorbonne.fr\/wp-content\/uploads\/2021\/09\/Marraine2021.jpg\" alt=\"\" class=\"wp-image-2347\" srcset=\"https:\/\/gesiic-sorbonne.fr\/wp-content\/uploads\/2021\/09\/Marraine2021.jpg 270w, https:\/\/gesiic-sorbonne.fr\/wp-content\/uploads\/2021\/09\/Marraine2021-236x300.jpg 236w\" sizes=\"auto, (max-width: 270px) 100vw, 270px\" \/><figcaption class=\"wp-element-caption\"><strong>Rebecca NACHANAKIAN<\/strong>, <br>Directrice g\u00e9n\u00e9rale France <br>et Europe du Sud de WeWork  <br>Marraine de la promotion 2021\/2022 <\/figcaption><\/figure>\n\n\n\n<figure class=\"wp-block-image size-large\"><img loading=\"lazy\" decoding=\"async\" width=\"100\" height=\"131\" data-id=\"1330\" src=\"https:\/\/gesiic-sorbonne.fr\/wp-content\/uploads\/2021\/01\/marraine2020-2.jpg\" alt=\"\" class=\"wp-image-1330\"\/><figcaption class=\"wp-element-caption\"><strong>V\u00e9ronique BEDAGUE<\/strong><br>Directrice g\u00e9n\u00e9rale de <a data-type=\"URL\" data-id=\"www.nexity.fr\" rel=\"noreferrer noopener\" href=\"http:\/\/www.nexity.fr\" target=\"_blank\"><span class=\"has-inline-color has-white-color\"><strong>Nexity<\/strong><\/span><\/a><br>Marraine de la promotion 2020\/2021<\/figcaption><\/figure>\n\n\n\n<figure class=\"wp-block-image size-large\"><img loading=\"lazy\" decoding=\"async\" width=\"110\" height=\"141\" data-id=\"1329\" src=\"https:\/\/gesiic-sorbonne.fr\/wp-content\/uploads\/2021\/01\/marraine2019-1.jpg\" alt=\"\" class=\"wp-image-1329\"\/><figcaption class=\"wp-element-caption\"><strong>C\u00e9cile de GUILLEBON<\/strong><br>Global Alliance Facility Management<a rel=\"noreferrer noopener\" href=\"https:\/\/group.renault.com\/groupe\/\" target=\"_blank\"><br><span class=\"has-inline-color has-white-color\"><strong>Renault<\/strong><\/span><\/a>&nbsp;VP, Real Estate &amp; Facility Management<br>Marraine de la promotion 2019\/2020<\/figcaption><\/figure>\n\n\n\n<figure class=\"wp-block-image size-large\"><img loading=\"lazy\" decoding=\"async\" width=\"100\" height=\"125\" data-id=\"1336\" src=\"https:\/\/gesiic-sorbonne.fr\/wp-content\/uploads\/2021\/01\/parrain2018-2.jpg\" alt=\"\" class=\"wp-image-1336\"\/><figcaption class=\"wp-element-caption\"><strong>Olivier WIGNIOLLE<\/strong><br>Directeur g\u00e9n\u00e9ral <span class=\"has-inline-color has-white-color\">d<\/span>&lsquo;<a rel=\"noreferrer noopener\" href=\"http:\/\/www.icade.fr\/\" target=\"_blank\"><span class=\"has-inline-color has-white-color\"><strong>ICADE<\/strong><\/span><\/a><strong><span class=\"has-inline-color has-white-color\">&nbsp;<\/span><\/strong><br>Parrain de la promotion 2018\/2019<\/figcaption><\/figure>\n\n\n\n<figure class=\"wp-block-image size-large\"><img loading=\"lazy\" decoding=\"async\" width=\"109\" height=\"150\" data-id=\"1335\" src=\"https:\/\/gesiic-sorbonne.fr\/wp-content\/uploads\/2021\/01\/parrain2017-1.jpg\" alt=\"\" class=\"wp-image-1335\"\/><figcaption class=\"wp-element-caption\"><strong>Marc PIETRI<\/strong><br>Fondateur du Groupe <a rel=\"noreferrer noopener\" href=\"http:\/\/www.constructa.fr\/fr\" target=\"_blank\"><span class=\"has-inline-color has-white-color\"><strong>CONSTRUCTA<\/strong><\/span><\/a><span class=\"has-inline-color has-vivid-cyan-blue-color\"> &nbsp;<\/span><br>Parrain de la promotion 2017\/2018<\/figcaption><\/figure>\n\n\n\n<figure class=\"wp-block-image size-large\"><img loading=\"lazy\" decoding=\"async\" width=\"100\" height=\"122\" data-id=\"1334\" src=\"https:\/\/gesiic-sorbonne.fr\/wp-content\/uploads\/2021\/01\/parrain2016-1.jpg\" alt=\"\" class=\"wp-image-1334\"\/><figcaption class=\"wp-element-caption\"><strong>Filippo REAN<\/strong><br>Directeur de la Division Immobilier de <a rel=\"noreferrer noopener\" href=\"http:\/\/www.reedmidem.com\/fr\/\" target=\"_blank\"><span class=\"has-inline-color has-white-color\"><strong>Reed Midem<\/strong><\/span><\/a><br>Parrain de la promotion 2016\/2017<\/figcaption><\/figure>\n\n\n\n<figure class=\"wp-block-image size-large\"><img loading=\"lazy\" decoding=\"async\" width=\"110\" height=\"138\" data-id=\"1333\" src=\"https:\/\/gesiic-sorbonne.fr\/wp-content\/uploads\/2021\/01\/parrain2015-1.jpg\" alt=\"\" class=\"wp-image-1333\"\/><figcaption class=\"wp-element-caption\"><strong>Jean-Jacques ORY<\/strong><br>Fondateur et dirigeant de Les Studios d&rsquo;Architecture <a rel=\"noreferrer noopener\" href=\"http:\/\/www.ory-associes.com\/fr\/agence\" target=\"_blank\"><span class=\"has-inline-color has-white-color\"><strong>Ory &amp; Associ\u00e9s<\/strong><\/span><\/a><br>Parrain de la promotion 2015\/2016<\/figcaption><\/figure>\n\n\n\n<figure class=\"wp-block-image size-large\"><img loading=\"lazy\" decoding=\"async\" width=\"100\" height=\"120\" data-id=\"1328\" src=\"https:\/\/gesiic-sorbonne.fr\/wp-content\/uploads\/2021\/01\/marraine2014-1.jpg\" alt=\"\" class=\"wp-image-1328\"\/><figcaption class=\"wp-element-caption\"><strong>Jo\u00eblle CHAUVIN<\/strong><br>ex-Pr\u00e9sident d\u2019Aviva Investors Real Estate France (<a rel=\"noreferrer noopener\" href=\"https:\/\/www.aviva.fr\/particulier\/epargne\/placement-financier\/aviva-investors.html\" target=\"_blank\"><span class=\"has-inline-color has-white-color\"><strong>Aviva<\/strong><\/span><\/a>)<br>Marraine de la promotion 2014\/2015<\/figcaption><\/figure>\n\n\n\n<figure class=\"wp-block-image size-large\"><img loading=\"lazy\" decoding=\"async\" width=\"100\" height=\"150\" data-id=\"1332\" src=\"https:\/\/gesiic-sorbonne.fr\/wp-content\/uploads\/2021\/01\/parrain2013-2.jpg\" alt=\"\" class=\"wp-image-1332\"\/><figcaption class=\"wp-element-caption\"><strong>Jean-Fran\u00e7ois GRAZI<\/strong><br>Fondateur et dirigeant de BUSINESS IMMO (<a rel=\"noreferrer noopener\" href=\"http:\/\/www.businessimmo.com\/\" target=\"_blank\"><span class=\"has-inline-color has-white-color\"><strong>BI<\/strong><\/span><\/a>)<br>Parrain de la promotion 2013\/2014<\/figcaption><\/figure>\n\n\n\n<figure class=\"wp-block-image size-large\"><img loading=\"lazy\" decoding=\"async\" width=\"100\" height=\"151\" data-id=\"1327\" src=\"https:\/\/gesiic-sorbonne.fr\/wp-content\/uploads\/2021\/01\/marraine2012-1.jpg\" alt=\"\" class=\"wp-image-1327\"\/><figcaption class=\"wp-element-caption\"><strong>Nathalie DEPETRO<\/strong><br>Directrice du MAPIC (<a rel=\"noreferrer noopener\" href=\"http:\/\/www.reedmidem.com\/fr\/\" target=\"_blank\"><span class=\"has-inline-color has-white-color\"><strong>Reed Midem<\/strong><\/span><\/a>)<br>Marraine de la promotion 2012\/2013<\/figcaption><\/figure>\n\n\n\n<figure class=\"wp-block-image size-large\"><img loading=\"lazy\" decoding=\"async\" width=\"100\" height=\"141\" data-id=\"1331\" src=\"https:\/\/gesiic-sorbonne.fr\/wp-content\/uploads\/2021\/01\/Mitterrand-1.jpg\" alt=\"\" class=\"wp-image-1331\"\/><figcaption class=\"wp-element-caption\"><strong>Olivier Mitterrand<\/strong><br>Pr\u00e9sident fondateur de<br>Les Nouveaux constructeurs<\/figcaption><\/figure>\n<\/figure>\n\n\n\n<p>Nos parrains et marraines sont des acteurs reconnus de l&rsquo;industrie immobili\u00e8re qui souhaitent \u00eatre dans la transmission vis \u00e0 vis des \u00e9tudiants du master GESIIC afin de les pr\u00e9parer au mieux \u00e0 exercer leurs fonctions de managers de l&rsquo;immobilier. Durant toute une ann\u00e9e, ils accompagnent leurs filleul(e)s \u00e0 travers de nombreuses activit\u00e9s : masterclass, visites de site, remise des dipl\u00f4mes&#8230;<\/p>\n\n\n<div class=\"wp-block-image\">\n<figure class=\"alignright size-full\"><img loading=\"lazy\" decoding=\"async\" width=\"850\" height=\"196\" src=\"https:\/\/gesiic-sorbonne.fr\/wp-content\/uploads\/2021\/09\/Masterclass2021-panoramiqueresized.jpg\" alt=\"\" class=\"wp-image-2350\" srcset=\"https:\/\/gesiic-sorbonne.fr\/wp-content\/uploads\/2021\/09\/Masterclass2021-panoramiqueresized.jpg 850w, https:\/\/gesiic-sorbonne.fr\/wp-content\/uploads\/2021\/09\/Masterclass2021-panoramiqueresized-300x69.jpg 300w, https:\/\/gesiic-sorbonne.fr\/wp-content\/uploads\/2021\/09\/Masterclass2021-panoramiqueresized-768x177.jpg 768w, https:\/\/gesiic-sorbonne.fr\/wp-content\/uploads\/2021\/09\/Masterclass2021-panoramiqueresized-848x196.jpg 848w\" sizes=\"auto, (max-width: 850px) 100vw, 850px\" \/><figcaption class=\"wp-element-caption\"> <em>Masterclass de Rebecca Nachanakian en Sorbonne (2021)<\/em> <\/figcaption><\/figure>\n<\/div>\n\n\n<figure class=\"wp-block-image size-full\"><img loading=\"lazy\" decoding=\"async\" width=\"850\" height=\"389\" src=\"https:\/\/gesiic-sorbonne.fr\/wp-content\/uploads\/2021\/09\/VisitePulse2019.jpg\" alt=\"\" class=\"wp-image-2352\" srcset=\"https:\/\/gesiic-sorbonne.fr\/wp-content\/uploads\/2021\/09\/VisitePulse2019.jpg 850w, https:\/\/gesiic-sorbonne.fr\/wp-content\/uploads\/2021\/09\/VisitePulse2019-300x137.jpg 300w, https:\/\/gesiic-sorbonne.fr\/wp-content\/uploads\/2021\/09\/VisitePulse2019-768x351.jpg 768w, https:\/\/gesiic-sorbonne.fr\/wp-content\/uploads\/2021\/09\/VisitePulse2019-848x389.jpg 848w\" sizes=\"auto, (max-width: 850px) 100vw, 850px\" \/><figcaption class=\"wp-element-caption\"><em>Visite du b\u00e2timent Pulse avec Olivier Wigniolle (2019)<\/em><\/figcaption><\/figure>\n\n\n\n<figure class=\"wp-block-image size-full\"><img loading=\"lazy\" decoding=\"async\" width=\"850\" height=\"376\" src=\"https:\/\/gesiic-sorbonne.fr\/wp-content\/uploads\/2021\/09\/Diplomes2018.jpg\" alt=\"\" class=\"wp-image-2354\" srcset=\"https:\/\/gesiic-sorbonne.fr\/wp-content\/uploads\/2021\/09\/Diplomes2018.jpg 850w, https:\/\/gesiic-sorbonne.fr\/wp-content\/uploads\/2021\/09\/Diplomes2018-300x133.jpg 300w, https:\/\/gesiic-sorbonne.fr\/wp-content\/uploads\/2021\/09\/Diplomes2018-768x340.jpg 768w, https:\/\/gesiic-sorbonne.fr\/wp-content\/uploads\/2021\/09\/Diplomes2018-848x376.jpg 848w\" sizes=\"auto, (max-width: 850px) 100vw, 850px\" \/><figcaption class=\"wp-element-caption\">C\u00e9r\u00e9monie de remise de dipl\u00f4mes du master GESIIC avec Filippo REAN (2018)<\/figcaption><\/figure>\n","protected":false},"excerpt":{"rendered":"<p>DERNIERES PROMOTIONS DU MASTER GESIIC\/RED et \/REIM : MARRAINES ET PARRAINS DES ANCIENNES PROMOTIONS DU MASTER GESIIC : Nos parrains &hellip; <\/p>\n","protected":false},"author":13,"featured_media":0,"parent":611,"menu_order":0,"comment_status":"closed","ping_status":"closed","template":"","meta":{"_cbd_carousel_blocks":"[]","_monsterinsights_skip_tracking":false,"_monsterinsights_sitenote_active":false,"_monsterinsights_sitenote_note":"","_monsterinsights_sitenote_category":0,"footnotes":""},"class_list":["post-623","page","type-page","status-publish","hentry"],"yoast_head":"<!-- This site is optimized with the Yoast SEO plugin v16.1.1 - https:\/\/yoast.com\/wordpress\/plugins\/seo\/ -->\n<title>PARRAINS\/MARRAINES - Gestion et Strat\u00e9gie de l&#039;Investissement Immobilier et de la Construction<\/title>\n<link rel=\"canonical\" href=\"https:\/\/gesiic-sorbonne.fr\/?page_id=623\" \/>\n<meta property=\"og:locale\" content=\"fr_FR\" \/>\n<meta property=\"og:type\" content=\"article\" \/>\n<meta property=\"og:title\" content=\"PARRAINS\/MARRAINES - Gestion et Strat\u00e9gie de l&#039;Investissement Immobilier et de la Construction\" \/>\n<meta property=\"og:description\" content=\"DERNIERES PROMOTIONS DU MASTER GESIIC\/RED et \/REIM : MARRAINES ET PARRAINS DES ANCIENNES PROMOTIONS DU MASTER GESIIC : Nos parrains &hellip;\" \/>\n<meta property=\"og:url\" content=\"https:\/\/gesiic-sorbonne.fr\/?page_id=623\" \/>\n<meta property=\"og:site_name\" content=\"Gestion et Strat\u00e9gie de l&#039;Investissement Immobilier et de la Construction\" \/>\n<meta property=\"article:modified_time\" content=\"2025-11-17T09:59:37+00:00\" \/>\n<meta property=\"og:image\" content=\"https:\/\/gesiic-sorbonne.fr\/wp-content\/uploads\/2023\/02\/Cadre-RED.gif\" \/>\n<meta name=\"twitter:card\" content=\"summary_large_image\" \/>\n<meta name=\"twitter:site\" content=\"@gesiic_sorbonne\" \/>\n<meta name=\"twitter:label1\" content=\"Dur\u00e9e de lecture est.\">\n\t<meta name=\"twitter:data1\" content=\"6 minutes\">\n<script type=\"application\/ld+json\" class=\"yoast-schema-graph\">{\"@context\":\"https:\/\/schema.org\",\"@graph\":[{\"@type\":\"Organization\",\"@id\":\"https:\/\/gesiic-sorbonne.fr\/#organization\",\"name\":\"Master GESIIC de l'universit\\u00e9 Paris I\",\"url\":\"https:\/\/gesiic-sorbonne.fr\/\",\"sameAs\":[\"https:\/\/www.instagram.com\/master2gesiic\/?hl=en\",\"https:\/\/www.linkedin.com\/company\/m2-gesiic\/\",\"https:\/\/twitter.com\/gesiic_sorbonne\"],\"logo\":{\"@type\":\"ImageObject\",\"@id\":\"https:\/\/gesiic-sorbonne.fr\/#logo\",\"inLanguage\":\"fr-FR\",\"url\":\"https:\/\/gesiic-sorbonne.fr\/wp-content\/uploads\/2020\/12\/logo-master-1.png\",\"contentUrl\":\"https:\/\/gesiic-sorbonne.fr\/wp-content\/uploads\/2020\/12\/logo-master-1.png\",\"width\":318,\"height\":226,\"caption\":\"Master GESIIC de l'universit\\u00e9 Paris I\"},\"image\":{\"@id\":\"https:\/\/gesiic-sorbonne.fr\/#logo\"}},{\"@type\":\"WebSite\",\"@id\":\"https:\/\/gesiic-sorbonne.fr\/#website\",\"url\":\"https:\/\/gesiic-sorbonne.fr\/\",\"name\":\"Gestion et Strat\\u00e9gie de l'Investissement Immobilier et de la Construction\",\"description\":\"Nous formons les promoteurs et investisseurs immobiliers de demain qui fa\\u00e7onneront les villes d&#039;apr\\u00e8s-demain\",\"publisher\":{\"@id\":\"https:\/\/gesiic-sorbonne.fr\/#organization\"},\"potentialAction\":[{\"@type\":\"SearchAction\",\"target\":\"https:\/\/gesiic-sorbonne.fr\/?s={search_term_string}\",\"query-input\":\"required name=search_term_string\"}],\"inLanguage\":\"fr-FR\"},{\"@type\":\"ImageObject\",\"@id\":\"https:\/\/gesiic-sorbonne.fr\/?page_id=623#primaryimage\",\"inLanguage\":\"fr-FR\",\"url\":\"https:\/\/gesiic-sorbonne.fr\/wp-content\/uploads\/2023\/02\/Cadre-RED.gif\",\"contentUrl\":\"https:\/\/gesiic-sorbonne.fr\/wp-content\/uploads\/2023\/02\/Cadre-RED.gif\",\"width\":521,\"height\":521},{\"@type\":\"WebPage\",\"@id\":\"https:\/\/gesiic-sorbonne.fr\/?page_id=623#webpage\",\"url\":\"https:\/\/gesiic-sorbonne.fr\/?page_id=623\",\"name\":\"PARRAINS\/MARRAINES - Gestion et Strat\\u00e9gie de l&#039;Investissement Immobilier et de la Construction\",\"isPartOf\":{\"@id\":\"https:\/\/gesiic-sorbonne.fr\/#website\"},\"primaryImageOfPage\":{\"@id\":\"https:\/\/gesiic-sorbonne.fr\/?page_id=623#primaryimage\"},\"datePublished\":\"2020-11-29T14:40:11+00:00\",\"dateModified\":\"2025-11-17T09:59:37+00:00\",\"breadcrumb\":{\"@id\":\"https:\/\/gesiic-sorbonne.fr\/?page_id=623#breadcrumb\"},\"inLanguage\":\"fr-FR\",\"potentialAction\":[{\"@type\":\"ReadAction\",\"target\":[\"https:\/\/gesiic-sorbonne.fr\/?page_id=623\"]}]},{\"@type\":\"BreadcrumbList\",\"@id\":\"https:\/\/gesiic-sorbonne.fr\/?page_id=623#breadcrumb\",\"itemListElement\":[{\"@type\":\"ListItem\",\"position\":1,\"item\":{\"@type\":\"WebPage\",\"@id\":\"https:\/\/gesiic-sorbonne.fr\/\",\"url\":\"https:\/\/gesiic-sorbonne.fr\/\",\"name\":\"Accueil\"}},{\"@type\":\"ListItem\",\"position\":2,\"item\":{\"@type\":\"WebPage\",\"@id\":\"https:\/\/gesiic-sorbonne.fr\/?page_id=611\",\"url\":\"https:\/\/gesiic-sorbonne.fr\/?page_id=611\",\"name\":\"PR\\u00c9SENTATION\"}},{\"@type\":\"ListItem\",\"position\":3,\"item\":{\"@type\":\"WebPage\",\"@id\":\"https:\/\/gesiic-sorbonne.fr\/?page_id=623\",\"url\":\"https:\/\/gesiic-sorbonne.fr\/?page_id=623\",\"name\":\"PARRAINS\/MARRAINES\"}}]}]}<\/script>\n<!-- \/ Yoast SEO plugin. -->","_links":{"self":[{"href":"https:\/\/gesiic-sorbonne.fr\/index.php?rest_route=\/wp\/v2\/pages\/623","targetHints":{"allow":["GET"]}}],"collection":[{"href":"https:\/\/gesiic-sorbonne.fr\/index.php?rest_route=\/wp\/v2\/pages"}],"about":[{"href":"https:\/\/gesiic-sorbonne.fr\/index.php?rest_route=\/wp\/v2\/types\/page"}],"author":[{"embeddable":true,"href":"https:\/\/gesiic-sorbonne.fr\/index.php?rest_route=\/wp\/v2\/users\/13"}],"replies":[{"embeddable":true,"href":"https:\/\/gesiic-sorbonne.fr\/index.php?rest_route=%2Fwp%2Fv2%2Fcomments&post=623"}],"version-history":[{"count":41,"href":"https:\/\/gesiic-sorbonne.fr\/index.php?rest_route=\/wp\/v2\/pages\/623\/revisions"}],"predecessor-version":[{"id":4042,"href":"https:\/\/gesiic-sorbonne.fr\/index.php?rest_route=\/wp\/v2\/pages\/623\/revisions\/4042"}],"up":[{"embeddable":true,"href":"https:\/\/gesiic-sorbonne.fr\/index.php?rest_route=\/wp\/v2\/pages\/611"}],"wp:attachment":[{"href":"https:\/\/gesiic-sorbonne.fr\/index.php?rest_route=%2Fwp%2Fv2%2Fmedia&parent=623"}],"curies":[{"name":"wp","href":"https:\/\/api.w.org\/{rel}","templated":true}]}}