{"id":619,"date":"2020-11-29T15:33:38","date_gmt":"2020-11-29T14:33:38","guid":{"rendered":"https:\/\/gesiic-sorbonne.fr\/?page_id=619"},"modified":"2026-03-28T18:54:11","modified_gmt":"2026-03-28T17:54:11","slug":"master-2","status":"publish","type":"page","link":"https:\/\/gesiic-sorbonne.fr\/?page_id=619","title":{"rendered":"MASTER II"},"content":{"rendered":"\n<p><\/p>\n\n\n\n<p><mark style=\"background-color:rgba(0, 0, 0, 0)\" class=\"has-inline-color has-vivid-red-color\"><strong>Depuis septembre 2023, le master 2 GESIIC compte d\u00e9sormais 2 parcours (et donc 2 promotions).<\/strong><\/mark> Voir la page <a href=\"https:\/\/gesiic-sorbonne.fr\/?page_id=2997\"><mark style=\"background-color:rgba(0, 0, 0, 0)\" class=\"has-inline-color has-vivid-cyan-blue-color\"><strong>Nouveau M2 GESIIC<\/strong><\/mark><\/a> pour la pr\u00e9sentation de ce changement majeur.<\/p>\n\n\n\n<p><\/p>\n\n\n\n<h3 class=\"wp-block-heading\">INT\u00c9GRER LE MASTER GESIIC EN SECONDE ANN\u00c9E<\/h3>\n\n\n\n<p>Les \u00e9tudiants de formation continue ne peuvent candidater au master GESIIC qu&rsquo;en seconde ann\u00e9e. A l&rsquo;inverse, selon leur niveau d&rsquo;\u00e9tudes, les \u00e9tudiants de formation initiale peuvent candidater au master GESIIC en premi\u00e8re ou seconde ann\u00e9e. Cette possibilit\u00e9 de rejoindre le GESIIC en seconde ann\u00e9e est plus particuli\u00e8rement destin\u00e9e aux \u00e9tudiants d&rsquo;\u00e9cole (ing\u00e9nieur, commerce, architecture&#8230;), aux \u00e9tudiants d&rsquo;autres disciplines (droit, \u00e9conomie, architecture, urbanisme&#8230;) et aux \u00e9tudiants \u00e9trangers. Vous trouverez tous les d\u00e9tails de cette proc\u00e9dure de candidature par  <a rel=\"noreferrer noopener\" href=\"https:\/\/ecandidat.univ-paris1.fr\/ecandidat\/#!accueilView\" target=\"_blank\"><span class=\"has-inline-color has-vivid-cyan-blue-color\"><em>eCandidat<\/em><\/span><\/a> sur notre page <a rel=\"noreferrer noopener\" href=\"https:\/\/gesiic-sorbonne.fr\/?page_id=883\" target=\"_blank\"><span class=\"has-inline-color has-vivid-cyan-blue-color\">Modalit\u00e9s de candidature en Master 2<\/span><\/a>.<\/p>\n\n\n\n<h3 class=\"wp-block-heading\">LES COURS EN SECONDE ANN\u00c9E<\/h3>\n\n\n\n<p>Tous les cours sont suivis, ensemble, par les professionnels (de formation continue) et les \u00e9tudiants (de formation initiale). Ils ont lieu au c\u0153ur de Paris\u00a0 (5e arrondissement) dans les locaux de la Formation continue Panth\u00e9on-Sorbonne et de l&rsquo;Ecole de management de la Sorbonne. Ils se d\u00e9roulent de septembre \u00e0 juin, \u00e0 raison de 3 jours par quinzaine (les mercredis, jeudis et vendredis et jusqu&rsquo;\u00e0 4 samedis matins sur l&rsquo;ann\u00e9e). Dans une optique professionnalisante, un accent particulier est mis sur une approche projet \u00e0 travers plusieurs innovations p\u00e9dagogiques (<em>shadow comex<\/em>, projet bin\u00f4me&#8230;).<\/p>\n\n\n\n<h3 class=\"wp-block-heading\">CHOIX P\u00c9DAGOGIQUES<\/h3>\n\n\n\n<p>Le master GESIIC se positionne comme un master professionnalisant. En compl\u00e9ment des \u00ab\u00a0cours\u00a0\u00bb list\u00e9s ci-dessous, il s&rsquo;attache \u00e0 former les futurs cadres de l&rsquo;industrie immobili\u00e8re \u00e0 travers une approche \u00ab\u00a0projet r\u00e9aliste\u00a0\u00bb :<\/p>\n\n\n\n<ul class=\"wp-block-list\">\n<li><em><a href=\"https:\/\/gesiic-sorbonne.fr\/?page_id=2462\" target=\"_blank\" rel=\"noreferrer noopener\"><mark style=\"background-color:rgba(0, 0, 0, 0)\" class=\"has-inline-color has-vivid-cyan-blue-color\">Shadow comex<\/mark><\/a><\/em> : au cours de 2 shadow comex dans l&rsquo;ann\u00e9e, les \u00e9tudiants sont amen\u00e9s \u00e0 proposer une strat\u00e9gie immobili\u00e8re \u00e0 un shadow comex constitu\u00e9 de (vrais) responsables immobiliers en entreprise.<\/li>\n\n\n\n<li><a href=\"https:\/\/gesiic-sorbonne.fr\/?page_id=3091\" target=\"_blank\" rel=\"noreferrer noopener\">Atelier de n\u00e9gociation<\/a> : au cours de l&rsquo;ann\u00e9e, les \u00e9tudiants sont r\u00e9partis entre \u00e9quipes de bailleurs et de preneurs et doivent n\u00e9gocier un bail.<\/li>\n<\/ul>\n\n\n\n<p><br>Vous pouvez consulter, en cliquant sur les liens, le d\u00e9tail des enseignements (dur\u00e9e, coefficients&#8230;) de la <mark style=\"background-color:rgba(0, 0, 0, 0)\" class=\"has-inline-color has-vivid-cyan-blue-color\"><a href=\"https:\/\/gesiic-sorbonne.fr\/wp-content\/uploads\/2026\/03\/Maquette-RED.pdf\" target=\"_blank\" rel=\"noreferrer noopener\">maquette RED<\/a><\/mark> et de la <mark style=\"background-color:rgba(0, 0, 0, 0)\" class=\"has-inline-color has-vivid-cyan-blue-color\"><a href=\"https:\/\/gesiic-sorbonne.fr\/wp-content\/uploads\/2026\/03\/Maquette-REIM.pdf\" target=\"_blank\" rel=\"noreferrer noopener\">maquette REIM<\/a><\/mark>.<\/p>\n\n\n\n<div class=\"wp-block-buttons is-layout-flex wp-block-buttons-is-layout-flex\">\n<div class=\"wp-block-button is-style-outline is-style-outline--1\"><a class=\"wp-block-button__link wp-element-button\" href=\"https:\/\/gesiic-sorbonne.fr\/?page_id=883\" style=\"border-radius:6px\"><mark style=\"background-color:rgba(0, 0, 0, 0)\" class=\"has-inline-color has-vivid-cyan-blue-color\">MODALITES DE CANDIDATURE EN MASTER II<\/mark><\/a><\/div>\n\n\n\n<div class=\"wp-block-button is-style-outline is-style-outline--2\"><a class=\"wp-block-button__link wp-element-button\" href=\"https:\/\/gesiic-sorbonne.fr\/?page_id=633\" style=\"border-radius:6px\"><mark style=\"background-color:rgba(0, 0, 0, 0)\" class=\"has-inline-color has-vivid-cyan-blue-color\">EV\u00c8NEMENTS<\/mark><\/a><\/div>\n<\/div>\n\n\n\n<hr class=\"wp-block-separator has-css-opacity\"\/>\n","protected":false},"excerpt":{"rendered":"<p>Depuis septembre 2023, le master 2 GESIIC compte d\u00e9sormais 2 parcours (et donc 2 promotions). Voir la page Nouveau M2 &hellip; <\/p>\n","protected":false},"author":13,"featured_media":0,"parent":611,"menu_order":0,"comment_status":"closed","ping_status":"closed","template":"","meta":{"_cbd_carousel_blocks":"[]","_monsterinsights_skip_tracking":false,"_monsterinsights_sitenote_active":false,"_monsterinsights_sitenote_note":"","_monsterinsights_sitenote_category":0,"footnotes":""},"class_list":["post-619","page","type-page","status-publish","hentry"],"yoast_head":"<!-- This site is optimized with the Yoast SEO plugin v16.1.1 - https:\/\/yoast.com\/wordpress\/plugins\/seo\/ -->\n<title>MASTER II - Gestion et Strat\u00e9gie de l&#039;Investissement Immobilier et de la Construction<\/title>\n<link rel=\"canonical\" href=\"https:\/\/gesiic-sorbonne.fr\/?page_id=619\" \/>\n<meta property=\"og:locale\" content=\"fr_FR\" \/>\n<meta property=\"og:type\" content=\"article\" \/>\n<meta property=\"og:title\" content=\"MASTER II - Gestion et Strat\u00e9gie de l&#039;Investissement Immobilier et de la Construction\" \/>\n<meta property=\"og:description\" content=\"Depuis septembre 2023, le master 2 GESIIC compte d\u00e9sormais 2 parcours (et donc 2 promotions). Voir la page Nouveau M2 &hellip;\" \/>\n<meta property=\"og:url\" content=\"https:\/\/gesiic-sorbonne.fr\/?page_id=619\" \/>\n<meta property=\"og:site_name\" content=\"Gestion et Strat\u00e9gie de l&#039;Investissement Immobilier et de la Construction\" \/>\n<meta property=\"article:modified_time\" content=\"2026-03-28T17:54:11+00:00\" \/>\n<meta name=\"twitter:card\" content=\"summary_large_image\" \/>\n<meta name=\"twitter:site\" content=\"@gesiic_sorbonne\" \/>\n<meta name=\"twitter:label1\" content=\"Dur\u00e9e de lecture est.\">\n\t<meta name=\"twitter:data1\" content=\"2 minutes\">\n<script type=\"application\/ld+json\" class=\"yoast-schema-graph\">{\"@context\":\"https:\/\/schema.org\",\"@graph\":[{\"@type\":\"Organization\",\"@id\":\"https:\/\/gesiic-sorbonne.fr\/#organization\",\"name\":\"Master GESIIC de l'universit\\u00e9 Paris I\",\"url\":\"https:\/\/gesiic-sorbonne.fr\/\",\"sameAs\":[\"https:\/\/www.instagram.com\/master2gesiic\/?hl=en\",\"https:\/\/www.linkedin.com\/company\/m2-gesiic\/\",\"https:\/\/twitter.com\/gesiic_sorbonne\"],\"logo\":{\"@type\":\"ImageObject\",\"@id\":\"https:\/\/gesiic-sorbonne.fr\/#logo\",\"inLanguage\":\"fr-FR\",\"url\":\"https:\/\/gesiic-sorbonne.fr\/wp-content\/uploads\/2020\/12\/logo-master-1.png\",\"contentUrl\":\"https:\/\/gesiic-sorbonne.fr\/wp-content\/uploads\/2020\/12\/logo-master-1.png\",\"width\":318,\"height\":226,\"caption\":\"Master GESIIC de l'universit\\u00e9 Paris I\"},\"image\":{\"@id\":\"https:\/\/gesiic-sorbonne.fr\/#logo\"}},{\"@type\":\"WebSite\",\"@id\":\"https:\/\/gesiic-sorbonne.fr\/#website\",\"url\":\"https:\/\/gesiic-sorbonne.fr\/\",\"name\":\"Gestion et Strat\\u00e9gie de l'Investissement Immobilier et de la Construction\",\"description\":\"Nous formons les promoteurs et investisseurs immobiliers de demain qui fa\\u00e7onneront les villes d&#039;apr\\u00e8s-demain\",\"publisher\":{\"@id\":\"https:\/\/gesiic-sorbonne.fr\/#organization\"},\"potentialAction\":[{\"@type\":\"SearchAction\",\"target\":\"https:\/\/gesiic-sorbonne.fr\/?s={search_term_string}\",\"query-input\":\"required name=search_term_string\"}],\"inLanguage\":\"fr-FR\"},{\"@type\":\"WebPage\",\"@id\":\"https:\/\/gesiic-sorbonne.fr\/?page_id=619#webpage\",\"url\":\"https:\/\/gesiic-sorbonne.fr\/?page_id=619\",\"name\":\"MASTER II - Gestion et Strat\\u00e9gie de l&#039;Investissement Immobilier et de la Construction\",\"isPartOf\":{\"@id\":\"https:\/\/gesiic-sorbonne.fr\/#website\"},\"datePublished\":\"2020-11-29T14:33:38+00:00\",\"dateModified\":\"2026-03-28T17:54:11+00:00\",\"breadcrumb\":{\"@id\":\"https:\/\/gesiic-sorbonne.fr\/?page_id=619#breadcrumb\"},\"inLanguage\":\"fr-FR\",\"potentialAction\":[{\"@type\":\"ReadAction\",\"target\":[\"https:\/\/gesiic-sorbonne.fr\/?page_id=619\"]}]},{\"@type\":\"BreadcrumbList\",\"@id\":\"https:\/\/gesiic-sorbonne.fr\/?page_id=619#breadcrumb\",\"itemListElement\":[{\"@type\":\"ListItem\",\"position\":1,\"item\":{\"@type\":\"WebPage\",\"@id\":\"https:\/\/gesiic-sorbonne.fr\/\",\"url\":\"https:\/\/gesiic-sorbonne.fr\/\",\"name\":\"Accueil\"}},{\"@type\":\"ListItem\",\"position\":2,\"item\":{\"@type\":\"WebPage\",\"@id\":\"https:\/\/gesiic-sorbonne.fr\/?page_id=611\",\"url\":\"https:\/\/gesiic-sorbonne.fr\/?page_id=611\",\"name\":\"PR\\u00c9SENTATION\"}},{\"@type\":\"ListItem\",\"position\":3,\"item\":{\"@type\":\"WebPage\",\"@id\":\"https:\/\/gesiic-sorbonne.fr\/?page_id=619\",\"url\":\"https:\/\/gesiic-sorbonne.fr\/?page_id=619\",\"name\":\"MASTER II\"}}]}]}<\/script>\n<!-- \/ Yoast SEO plugin. -->","_links":{"self":[{"href":"https:\/\/gesiic-sorbonne.fr\/index.php?rest_route=\/wp\/v2\/pages\/619","targetHints":{"allow":["GET"]}}],"collection":[{"href":"https:\/\/gesiic-sorbonne.fr\/index.php?rest_route=\/wp\/v2\/pages"}],"about":[{"href":"https:\/\/gesiic-sorbonne.fr\/index.php?rest_route=\/wp\/v2\/types\/page"}],"author":[{"embeddable":true,"href":"https:\/\/gesiic-sorbonne.fr\/index.php?rest_route=\/wp\/v2\/users\/13"}],"replies":[{"embeddable":true,"href":"https:\/\/gesiic-sorbonne.fr\/index.php?rest_route=%2Fwp%2Fv2%2Fcomments&post=619"}],"version-history":[{"count":42,"href":"https:\/\/gesiic-sorbonne.fr\/index.php?rest_route=\/wp\/v2\/pages\/619\/revisions"}],"predecessor-version":[{"id":4147,"href":"https:\/\/gesiic-sorbonne.fr\/index.php?rest_route=\/wp\/v2\/pages\/619\/revisions\/4147"}],"up":[{"embeddable":true,"href":"https:\/\/gesiic-sorbonne.fr\/index.php?rest_route=\/wp\/v2\/pages\/611"}],"wp:attachment":[{"href":"https:\/\/gesiic-sorbonne.fr\/index.php?rest_route=%2Fwp%2Fv2%2Fmedia&parent=619"}],"curies":[{"name":"wp","href":"https:\/\/api.w.org\/{rel}","templated":true}]}}