{"id":3952,"date":"2025-05-28T10:28:46","date_gmt":"2025-05-28T08:28:46","guid":{"rendered":"https:\/\/gesiic-sorbonne.fr\/?page_id=3952"},"modified":"2025-06-13T12:25:05","modified_gmt":"2025-06-13T10:25:05","slug":"jobdating-2025","status":"publish","type":"page","link":"https:\/\/gesiic-sorbonne.fr\/?page_id=3952","title":{"rendered":"Jobdating 2025"},"content":{"rendered":"\n<p>Le master GESIIC organisait le 27 mai 2025 la 9\u00e8me \u00e9dition de son jobdating dans l&rsquo;appartement D\u00e9canal. Les \u00e9tudiants anciens, actuels et futurs (des M1 et M2 RED et REIM) ont particip\u00e9 aux entretiens de recrutement propos\u00e9s par les nombreuses entreprises pr\u00e9sentes :<\/p>\n\n\n\n<figure class=\"wp-block-table\"><table><tbody><tr><td class=\"has-text-align-center\" data-align=\"center\"><img loading=\"lazy\" decoding=\"async\" width=\"750\" height=\"478\" class=\"wp-image-3953\" style=\"width: 750px;\" src=\"https:\/\/gesiic-sorbonne.fr\/wp-content\/uploads\/2025\/05\/Jobdating2025a.jpg\" alt=\"\" srcset=\"https:\/\/gesiic-sorbonne.fr\/wp-content\/uploads\/2025\/05\/Jobdating2025a.jpg 800w, https:\/\/gesiic-sorbonne.fr\/wp-content\/uploads\/2025\/05\/Jobdating2025a-300x191.jpg 300w, https:\/\/gesiic-sorbonne.fr\/wp-content\/uploads\/2025\/05\/Jobdating2025a-768x490.jpg 768w\" sizes=\"auto, (max-width: 750px) 100vw, 750px\" \/><\/td><td class=\"has-text-align-center\" data-align=\"center\"><img loading=\"lazy\" decoding=\"async\" width=\"500\" height=\"500\" class=\"wp-image-3954\" style=\"width: 500px;\" src=\"https:\/\/gesiic-sorbonne.fr\/wp-content\/uploads\/2025\/05\/Jobdating2025b.jpg\" alt=\"\" srcset=\"https:\/\/gesiic-sorbonne.fr\/wp-content\/uploads\/2025\/05\/Jobdating2025b.jpg 510w, https:\/\/gesiic-sorbonne.fr\/wp-content\/uploads\/2025\/05\/Jobdating2025b-300x300.jpg 300w, https:\/\/gesiic-sorbonne.fr\/wp-content\/uploads\/2025\/05\/Jobdating2025b-150x150.jpg 150w, https:\/\/gesiic-sorbonne.fr\/wp-content\/uploads\/2025\/05\/Jobdating2025b-250x250.jpg 250w, https:\/\/gesiic-sorbonne.fr\/wp-content\/uploads\/2025\/05\/Jobdating2025b-70x70.jpg 70w, https:\/\/gesiic-sorbonne.fr\/wp-content\/uploads\/2025\/05\/Jobdating2025b-246x246.jpg 246w, https:\/\/gesiic-sorbonne.fr\/wp-content\/uploads\/2025\/05\/Jobdating2025b-276x276.jpg 276w, https:\/\/gesiic-sorbonne.fr\/wp-content\/uploads\/2025\/05\/Jobdating2025b-125x125.jpg 125w\" sizes=\"auto, (max-width: 500px) 100vw, 500px\" \/><\/td><\/tr><\/tbody><\/table><\/figure>\n\n\n\n<p><strong>LES ENTREPRISES RECRUTEUSES<\/strong><\/p>\n\n\n\n<ul class=\"wp-block-list\">\n<li>Altarea<\/li>\n\n\n\n<li>Angeris<\/li>\n\n\n\n<li>Auchan<\/li>\n\n\n\n<li>Bagan REIM<\/li>\n\n\n\n<li>Bouygues Immobilier<\/li>\n\n\n\n<li>CBRE<\/li>\n\n\n\n<li>(CDC Habitat)<\/li>\n\n\n\n<li>Danone<\/li>\n\n\n\n<li>Emerige<\/li>\n\n\n\n<li>Eramet<\/li>\n\n\n\n<li>Etyo<\/li>\n\n\n\n<li>Immprove<\/li>\n\n\n\n<li>Les Nouveaux Constructeurs<\/li>\n\n\n\n<li>(Michael Page)<\/li>\n\n\n\n<li>Oneur<\/li>\n\n\n\n<li>Paref<\/li>\n\n\n\n<li>Perl<\/li>\n\n\n\n<li>Praemia REIM<\/li>\n\n\n\n<li>Sanofi<\/li>\n\n\n\n<li>Twenty First Capital<\/li>\n\n\n\n<li>Unibail Rodamco Westfield<\/li>\n<\/ul>\n\n\n\n<p>Les \u00e9tudiants postulaient pour des emplois en CDI, des contrats de professionnalisation et des stages.<\/p>\n\n\n\n<p><strong>NOS PARTENAIRES POUR CET EVENEMENT<\/strong><\/p>\n\n\n\n<div class=\"wp-block-columns is-layout-flex wp-container-core-columns-is-layout-9d6595d7 wp-block-columns-is-layout-flex\">\n<div class=\"wp-block-column is-layout-flow wp-block-column-is-layout-flow\" style=\"flex-basis:100%\">\n<div class=\"wp-block-group is-layout-grid wp-container-core-group-is-layout-9649a0d9 wp-block-group-is-layout-grid\"><\/div>\n\n\n\n<figure class=\"wp-block-table\"><table class=\"has-fixed-layout\"><tbody><tr><td><img decoding=\"async\" src=\"https:\/\/gesiic-sorbonne.fr\/wp-content\/uploads\/2024\/09\/ADI-LogotypeSans-RVB-1024x830.png\" alt=\"\"><\/td><td><img decoding=\"async\" src=\"https:\/\/gesiic-sorbonne.fr\/wp-content\/uploads\/2024\/11\/Logo-ASPIM400x400.jpg\" alt=\"\"><\/td><td><img decoding=\"async\" src=\"https:\/\/gesiic-sorbonne.fr\/wp-content\/uploads\/2021\/10\/fpi-logo.png\" alt=\"\"><\/td><td><img decoding=\"async\" src=\"https:\/\/gesiic-sorbonne.fr\/wp-content\/uploads\/2025\/02\/Logo-M2.jpg\" alt=\"\"><\/td><\/tr><\/tbody><\/table><\/figure>\n<\/div>\n<\/div>\n\n\n\n<p>Retour \u00e0 la page <a href=\"https:\/\/gesiic-sorbonne.fr\/?page_id=1138\"><mark style=\"background-color:rgba(0, 0, 0, 0)\" class=\"has-inline-color has-vivid-cyan-blue-color\">Jobdating<\/mark><\/a>.<\/p>\n","protected":false},"excerpt":{"rendered":"<p>Le master GESIIC organisait le 27 mai 2025 la 9\u00e8me \u00e9dition de son jobdating dans l&rsquo;appartement D\u00e9canal. Les \u00e9tudiants anciens, &hellip; <\/p>\n","protected":false},"author":4,"featured_media":0,"parent":0,"menu_order":0,"comment_status":"closed","ping_status":"closed","template":"","meta":{"_cbd_carousel_blocks":"[]","_monsterinsights_skip_tracking":false,"_monsterinsights_sitenote_active":false,"_monsterinsights_sitenote_note":"","_monsterinsights_sitenote_category":0,"footnotes":""},"class_list":["post-3952","page","type-page","status-publish","hentry"],"yoast_head":"<!-- This site is optimized with the Yoast SEO plugin v16.1.1 - https:\/\/yoast.com\/wordpress\/plugins\/seo\/ -->\n<title>Jobdating 2025 - Gestion et Strat\u00e9gie de l&#039;Investissement Immobilier et de la Construction<\/title>\n<link rel=\"canonical\" href=\"https:\/\/gesiic-sorbonne.fr\/?page_id=3952\" \/>\n<meta property=\"og:locale\" content=\"fr_FR\" \/>\n<meta property=\"og:type\" content=\"article\" \/>\n<meta property=\"og:title\" content=\"Jobdating 2025 - Gestion et Strat\u00e9gie de l&#039;Investissement Immobilier et de la Construction\" \/>\n<meta property=\"og:description\" content=\"Le master GESIIC organisait le 27 mai 2025 la 9\u00e8me \u00e9dition de son jobdating dans l&rsquo;appartement D\u00e9canal. Les \u00e9tudiants anciens, &hellip;\" \/>\n<meta property=\"og:url\" content=\"https:\/\/gesiic-sorbonne.fr\/?page_id=3952\" \/>\n<meta property=\"og:site_name\" content=\"Gestion et Strat\u00e9gie de l&#039;Investissement Immobilier et de la Construction\" \/>\n<meta property=\"article:modified_time\" content=\"2025-06-13T10:25:05+00:00\" \/>\n<meta property=\"og:image\" content=\"https:\/\/gesiic-sorbonne.fr\/wp-content\/uploads\/2025\/05\/Jobdating2025a.jpg\" \/>\n<meta name=\"twitter:card\" content=\"summary_large_image\" \/>\n<meta name=\"twitter:site\" content=\"@gesiic_sorbonne\" \/>\n<meta name=\"twitter:label1\" content=\"Dur\u00e9e de lecture est.\">\n\t<meta name=\"twitter:data1\" content=\"2 minutes\">\n<script type=\"application\/ld+json\" class=\"yoast-schema-graph\">{\"@context\":\"https:\/\/schema.org\",\"@graph\":[{\"@type\":\"Organization\",\"@id\":\"https:\/\/gesiic-sorbonne.fr\/#organization\",\"name\":\"Master GESIIC de l'universit\\u00e9 Paris I\",\"url\":\"https:\/\/gesiic-sorbonne.fr\/\",\"sameAs\":[\"https:\/\/www.instagram.com\/master2gesiic\/?hl=en\",\"https:\/\/www.linkedin.com\/company\/m2-gesiic\/\",\"https:\/\/twitter.com\/gesiic_sorbonne\"],\"logo\":{\"@type\":\"ImageObject\",\"@id\":\"https:\/\/gesiic-sorbonne.fr\/#logo\",\"inLanguage\":\"fr-FR\",\"url\":\"https:\/\/gesiic-sorbonne.fr\/wp-content\/uploads\/2020\/12\/logo-master-1.png\",\"contentUrl\":\"https:\/\/gesiic-sorbonne.fr\/wp-content\/uploads\/2020\/12\/logo-master-1.png\",\"width\":318,\"height\":226,\"caption\":\"Master GESIIC de l'universit\\u00e9 Paris I\"},\"image\":{\"@id\":\"https:\/\/gesiic-sorbonne.fr\/#logo\"}},{\"@type\":\"WebSite\",\"@id\":\"https:\/\/gesiic-sorbonne.fr\/#website\",\"url\":\"https:\/\/gesiic-sorbonne.fr\/\",\"name\":\"Gestion et Strat\\u00e9gie de l'Investissement Immobilier et de la Construction\",\"description\":\"Nous formons les promoteurs et investisseurs immobiliers de demain qui fa\\u00e7onneront les villes d&#039;apr\\u00e8s-demain\",\"publisher\":{\"@id\":\"https:\/\/gesiic-sorbonne.fr\/#organization\"},\"potentialAction\":[{\"@type\":\"SearchAction\",\"target\":\"https:\/\/gesiic-sorbonne.fr\/?s={search_term_string}\",\"query-input\":\"required name=search_term_string\"}],\"inLanguage\":\"fr-FR\"},{\"@type\":\"ImageObject\",\"@id\":\"https:\/\/gesiic-sorbonne.fr\/?page_id=3952#primaryimage\",\"inLanguage\":\"fr-FR\",\"url\":\"https:\/\/gesiic-sorbonne.fr\/wp-content\/uploads\/2025\/05\/Jobdating2025a.jpg\",\"contentUrl\":\"https:\/\/gesiic-sorbonne.fr\/wp-content\/uploads\/2025\/05\/Jobdating2025a.jpg\",\"width\":800,\"height\":510},{\"@type\":\"WebPage\",\"@id\":\"https:\/\/gesiic-sorbonne.fr\/?page_id=3952#webpage\",\"url\":\"https:\/\/gesiic-sorbonne.fr\/?page_id=3952\",\"name\":\"Jobdating 2025 - Gestion et Strat\\u00e9gie de l&#039;Investissement Immobilier et de la Construction\",\"isPartOf\":{\"@id\":\"https:\/\/gesiic-sorbonne.fr\/#website\"},\"primaryImageOfPage\":{\"@id\":\"https:\/\/gesiic-sorbonne.fr\/?page_id=3952#primaryimage\"},\"datePublished\":\"2025-05-28T08:28:46+00:00\",\"dateModified\":\"2025-06-13T10:25:05+00:00\",\"breadcrumb\":{\"@id\":\"https:\/\/gesiic-sorbonne.fr\/?page_id=3952#breadcrumb\"},\"inLanguage\":\"fr-FR\",\"potentialAction\":[{\"@type\":\"ReadAction\",\"target\":[\"https:\/\/gesiic-sorbonne.fr\/?page_id=3952\"]}]},{\"@type\":\"BreadcrumbList\",\"@id\":\"https:\/\/gesiic-sorbonne.fr\/?page_id=3952#breadcrumb\",\"itemListElement\":[{\"@type\":\"ListItem\",\"position\":1,\"item\":{\"@type\":\"WebPage\",\"@id\":\"https:\/\/gesiic-sorbonne.fr\/\",\"url\":\"https:\/\/gesiic-sorbonne.fr\/\",\"name\":\"Accueil\"}},{\"@type\":\"ListItem\",\"position\":2,\"item\":{\"@type\":\"WebPage\",\"@id\":\"https:\/\/gesiic-sorbonne.fr\/?page_id=3952\",\"url\":\"https:\/\/gesiic-sorbonne.fr\/?page_id=3952\",\"name\":\"Jobdating 2025\"}}]}]}<\/script>\n<!-- \/ Yoast SEO plugin. -->","_links":{"self":[{"href":"https:\/\/gesiic-sorbonne.fr\/index.php?rest_route=\/wp\/v2\/pages\/3952","targetHints":{"allow":["GET"]}}],"collection":[{"href":"https:\/\/gesiic-sorbonne.fr\/index.php?rest_route=\/wp\/v2\/pages"}],"about":[{"href":"https:\/\/gesiic-sorbonne.fr\/index.php?rest_route=\/wp\/v2\/types\/page"}],"author":[{"embeddable":true,"href":"https:\/\/gesiic-sorbonne.fr\/index.php?rest_route=\/wp\/v2\/users\/4"}],"replies":[{"embeddable":true,"href":"https:\/\/gesiic-sorbonne.fr\/index.php?rest_route=%2Fwp%2Fv2%2Fcomments&post=3952"}],"version-history":[{"count":2,"href":"https:\/\/gesiic-sorbonne.fr\/index.php?rest_route=\/wp\/v2\/pages\/3952\/revisions"}],"predecessor-version":[{"id":3964,"href":"https:\/\/gesiic-sorbonne.fr\/index.php?rest_route=\/wp\/v2\/pages\/3952\/revisions\/3964"}],"wp:attachment":[{"href":"https:\/\/gesiic-sorbonne.fr\/index.php?rest_route=%2Fwp%2Fv2%2Fmedia&parent=3952"}],"curies":[{"name":"wp","href":"https:\/\/api.w.org\/{rel}","templated":true}]}}