{"id":2997,"date":"2023-02-09T16:06:02","date_gmt":"2023-02-09T15:06:02","guid":{"rendered":"https:\/\/gesiic-sorbonne.fr\/?page_id=2997"},"modified":"2026-03-21T11:18:32","modified_gmt":"2026-03-21T10:18:32","slug":"le-nouveau-master-2-gesiic","status":"publish","type":"page","link":"https:\/\/gesiic-sorbonne.fr\/?page_id=2997","title":{"rendered":"LE NOUVEAU MASTER GESIIC"},"content":{"rendered":"\n<p>Cr\u00e9\u00e9 en 1985, le master GESIIC conna\u00eet deux \u00e9volutions importantes en 2023 et 2025 :<\/p>\n\n\n\n<p>A partir de <strong>septembre 2025<\/strong>, <strong><mark style=\"background-color:rgba(0, 0, 0, 0)\" class=\"has-inline-color has-vivid-red-color\">le master 1 GESIIC bascule en alternance<\/mark><\/strong> et d\u00e9veloppe un programme 100% immobilier. D\u00e9couvrez le <a href=\"https:\/\/gesiic-sorbonne.fr\/?page_id=2997\" target=\"_blank\" rel=\"noreferrer noopener\"><mark style=\"background-color:rgba(0, 0, 0, 0)\" class=\"has-inline-color has-vivid-cyan-blue-color\">nouveau M1 GESIIC<\/mark><\/a>.<\/p>\n\n\n\n<p>Depuis <strong>septembre 2023<\/strong>, <strong><mark style=\"background-color:rgba(0, 0, 0, 0)\" class=\"has-inline-color has-vivid-red-color\">le master 2 GESIIC compte d\u00e9sormais 2 parcours<\/mark><\/strong><mark style=\"background-color:rgba(0, 0, 0, 0)\" class=\"has-inline-color has-luminous-vivid-orange-color\"> <\/mark>(et donc 2 promotions) : <a href=\"https:\/\/gesiic-sorbonne.fr\/?page_id=3033\"><mark style=\"background-color:rgba(0, 0, 0, 0)\" class=\"has-inline-color has-vivid-cyan-blue-color\">Real Estate Development<\/mark><\/a> (RED) et <a href=\"https:\/\/gesiic-sorbonne.fr\/?page_id=3016\"><mark style=\"background-color:rgba(0, 0, 0, 0)\" class=\"has-inline-color has-vivid-cyan-blue-color\">Real Estate Investment Management<\/mark><\/a> (REIM).<\/p>\n\n\n\n<p><\/p>\n\n\n\n<h2 class=\"wp-block-heading\">Raisons<\/h2>\n\n\n\n<ul class=\"wp-block-list\">\n<li>Fort de son succ\u00e8s, le master GESIIC accueille chaque ann\u00e9e un nombre plus important de candidats (augmentation de +500% depuis 2013).<\/li>\n\n\n\n<li>Inversement, la p\u00e9dagogie du master GESIIC repose sur de petites promotions d&rsquo;\u00e9tudiants de formation initiale et continue.<\/li>\n\n\n\n<li>Enfin, la professionnalisation croissante des m\u00e9tiers de l&rsquo;immobilier incite \u00e0 augmenter la sp\u00e9cialisation. <\/li>\n<\/ul>\n\n\n\n<p><\/p>\n\n\n\n<hr class=\"wp-block-separator has-alpha-channel-opacity\"\/>\n\n\n\n<h2 class=\"wp-block-heading\">2 nouveaux parcours<\/h2>\n\n\n\n<div class=\"wp-block-media-text alignwide is-stacked-on-mobile is-vertically-aligned-top\" style=\"grid-template-columns:39% auto\"><figure class=\"wp-block-media-text__media\"><a href=\"https:\/\/gesiic-sorbonne.fr\/?page_id=3033\" target=\"_blank\" rel=\" noreferrer noopener\"><img loading=\"lazy\" decoding=\"async\" width=\"521\" height=\"521\" src=\"https:\/\/gesiic-sorbonne.fr\/wp-content\/uploads\/2023\/02\/Cadre-RED.gif\" alt=\"\" class=\"wp-image-3001 size-full\"\/><\/a><\/figure><div class=\"wp-block-media-text__content\">\n<h2 class=\"wp-block-heading has-text-align-center\"><a href=\"https:\/\/gesiic-sorbonne.fr\/?page_id=3033\"><mark style=\"background-color:rgba(0, 0, 0, 0)\" class=\"has-inline-color has-vivid-cyan-blue-color\">Real Estate Developmen<\/mark><\/a><a href=\"https:\/\/gesiic-sorbonne.fr\/?page_id=3016\"><mark style=\"background-color:rgba(0, 0, 0, 0)\" class=\"has-inline-color has-vivid-cyan-blue-color\">t<\/mark><\/a><\/h2>\n\n\n\n<p><\/p>\n\n\n\n<p>Forme au d\u00e9veloppement immobilier<\/p>\n\n\n\n<p>Principaux m\u00e9tiers vis\u00e9s :<\/p>\n\n\n\n<ul class=\"wp-block-list\">\n<li><strong>Responsable de programme<\/strong><\/li>\n\n\n\n<li>D\u00e9veloppement (Prospection fonci\u00e8re)<\/li>\n\n\n\n<li>Expert immobilier<\/li>\n\n\n\n<li>Assistant ma\u00eetrise d&rsquo;ouvrage<\/li>\n<\/ul>\n\n\n\n<p>Principaux cours : promotion, am\u00e9nagement, techniques du b\u00e2timent&#8230;<\/p>\n<\/div><\/div>\n\n\n\n<hr class=\"wp-block-separator has-alpha-channel-opacity\"\/>\n\n\n\n<div class=\"wp-block-media-text alignwide has-media-on-the-right is-stacked-on-mobile is-vertically-aligned-top\" style=\"grid-template-columns:auto 39%\"><div class=\"wp-block-media-text__content\">\n<h2 class=\"wp-block-heading has-text-align-center\"><a href=\"https:\/\/gesiic-sorbonne.fr\/?page_id=3016\"><mark style=\"background-color:rgba(0, 0, 0, 0)\" class=\"has-inline-color has-vivid-cyan-blue-color\">Real Estate Investment Management<\/mark><\/a><\/h2>\n\n\n\n<p><\/p>\n\n\n\n<p>Forme \u00e0 l&rsquo;asset management<\/p>\n\n\n\n<p>Principaux m\u00e9tiers vis\u00e9s :<\/p>\n\n\n\n<ul class=\"wp-block-list\">\n<li><strong>Asset manager immobilier<\/strong><\/li>\n\n\n\n<li>Investisseur immobilier<\/li>\n\n\n\n<li>Directeur immobilier<\/li>\n\n\n\n<li>Consultant immobilier<\/li>\n<\/ul>\n\n\n\n<p>Principaux cours : Real Estate Finance, Asset management, expertise immobili\u00e8re&#8230;<\/p>\n\n\n\n<p>Remarque : de nombreux cours sont en anglais.<\/p>\n<\/div><figure class=\"wp-block-media-text__media\"><a href=\"https:\/\/gesiic-sorbonne.fr\/?page_id=3016\" target=\"_blank\" rel=\" noreferrer noopener\"><img loading=\"lazy\" decoding=\"async\" width=\"521\" height=\"521\" src=\"https:\/\/gesiic-sorbonne.fr\/wp-content\/uploads\/2023\/02\/Cadre-REIM.gif\" alt=\"\" class=\"wp-image-3004 size-full\"\/><\/a><\/figure><\/div>\n\n\n\n<hr class=\"wp-block-separator has-alpha-channel-opacity\"\/>\n\n\n\n<h2 class=\"wp-block-heading\">Articulation<\/h2>\n\n\n\n<p>REIM et RED constituent les 2 parcours du master 2 GESIIC. Ils proposeront une maquette p\u00e9dagogique diff\u00e9rente pour des promotions d&rsquo;une vingtaine d&rsquo;\u00e9tudiants chacun.<\/p>\n\n\n\n<p>Les \u00e9tudiants de ces deux parcours auront l&rsquo;occasion de se retrouver \u00e0 l&rsquo;occasion : <\/p>\n\n\n\n<ul class=\"wp-block-list\">\n<li>de quelques cours mutualis\u00e9s (strat\u00e9gie immobili\u00e8re, m\u00e9thodologie du m\u00e9moire&#8230;)<\/li>\n\n\n\n<li>des shadow comex, des ateliers de n\u00e9gociation, des sessions de coaching&#8230;<\/li>\n\n\n\n<li>des afterworks, des voyages d&rsquo;\u00e9tude, des conf\u00e9rences, du jobdating&#8230;<\/li>\n<\/ul>\n\n\n\n<p><\/p>\n\n\n\n<p>Pour rejoindre le GESIIC, les candidats candidateront au niveau :<\/p>\n\n\n\n<ul class=\"wp-block-list\">\n<li>du master 1 : pour un master 1 GESIIC commun (sur Mon Master)<\/li>\n\n\n\n<li>du master 2 : pour l&rsquo;un ou l&rsquo;autre des parcours (sur Ecandidat)<\/li>\n<\/ul>\n\n\n\n<p><\/p>\n\n\n\n<hr class=\"wp-block-separator has-css-opacity\"\/>\n\n\n\n<h3 class=\"wp-block-heading\">T\u00c9MOIGNAGE : NOUVEAUX PARCOURS<\/h3>\n\n\n\n<div class=\"wp-block-media-text alignwide is-stacked-on-mobile\" style=\"grid-template-columns:28% auto\"><figure class=\"wp-block-media-text__media\"><img loading=\"lazy\" decoding=\"async\" width=\"344\" height=\"450\" src=\"https:\/\/gesiic-sorbonne.fr\/wp-content\/uploads\/2023\/02\/dartois.jpg\" alt=\"\" class=\"wp-image-3005 size-full\" srcset=\"https:\/\/gesiic-sorbonne.fr\/wp-content\/uploads\/2023\/02\/dartois.jpg 344w, https:\/\/gesiic-sorbonne.fr\/wp-content\/uploads\/2023\/02\/dartois-229x300.jpg 229w\" sizes=\"auto, (max-width: 344px) 100vw, 344px\" \/><\/figure><div class=\"wp-block-media-text__content\">\n<figure class=\"wp-block-table\"><table><tbody><tr><td><em>\u00ab\u00a0Compte-tenu du regard que nous avons en tant que recruteur sp\u00e9cialis\u00e9, et \u00e0 la lumi\u00e8re des \u00e9changes du groupe de travail sur l\u2019\u00e9volution du GESIIC auquel j\u2019ai eu le plaisir de participer, je confirme qu\u2019il apparait pertinent, voire n\u00e9cessaire, de proposer deux formations distinctes&nbsp;: l\u2019une destin\u00e9e aux m\u00e9tiers \u00ab&nbsp;financiers&nbsp;\u00bb de l\u2019immobilier, l\u2019autre au m\u00e9tier du d\u00e9veloppement et de la gestion de projet. Ces deux branches ont des besoins sp\u00e9cifiques (profils diff\u00e9rents) et importants en termes de recrutement&nbsp;: +1500 annonces d\u2019emplois cadres en CDI publi\u00e9es (hors \u00ab&nbsp;off-market&nbsp;\u00bb) en France depuis 1 an.\u00a0\u00bb<\/em><\/td><\/tr><\/tbody><\/table><figcaption class=\"wp-element-caption\">Alban d&rsquo;Artois &#8211; Manager Executif &#8211; P\u00f4le Immobilier chez Michael Page<\/figcaption><\/figure>\n<\/div><\/div>\n","protected":false},"excerpt":{"rendered":"<p>Cr\u00e9\u00e9 en 1985, le master GESIIC conna\u00eet deux \u00e9volutions importantes en 2023 et 2025 : A partir de septembre 2025, &hellip; <\/p>\n","protected":false},"author":4,"featured_media":0,"parent":629,"menu_order":0,"comment_status":"closed","ping_status":"closed","template":"","meta":{"_cbd_carousel_blocks":"[]","_monsterinsights_skip_tracking":false,"_monsterinsights_sitenote_active":false,"_monsterinsights_sitenote_note":"","_monsterinsights_sitenote_category":0,"footnotes":""},"class_list":["post-2997","page","type-page","status-publish","hentry"],"yoast_head":"<!-- This site is optimized with the Yoast SEO plugin v16.1.1 - https:\/\/yoast.com\/wordpress\/plugins\/seo\/ -->\n<title>LE NOUVEAU MASTER GESIIC - Gestion et Strat\u00e9gie de l&#039;Investissement Immobilier et de la Construction<\/title>\n<link rel=\"canonical\" href=\"https:\/\/gesiic-sorbonne.fr\/?page_id=2997\" \/>\n<meta property=\"og:locale\" content=\"fr_FR\" \/>\n<meta property=\"og:type\" content=\"article\" \/>\n<meta property=\"og:title\" content=\"LE NOUVEAU MASTER GESIIC - Gestion et Strat\u00e9gie de l&#039;Investissement Immobilier et de la Construction\" \/>\n<meta property=\"og:description\" content=\"Cr\u00e9\u00e9 en 1985, le master GESIIC conna\u00eet deux \u00e9volutions importantes en 2023 et 2025 : A partir de septembre 2025, &hellip;\" \/>\n<meta property=\"og:url\" content=\"https:\/\/gesiic-sorbonne.fr\/?page_id=2997\" \/>\n<meta property=\"og:site_name\" content=\"Gestion et Strat\u00e9gie de l&#039;Investissement Immobilier et de la Construction\" \/>\n<meta property=\"article:modified_time\" content=\"2026-03-21T10:18:32+00:00\" \/>\n<meta property=\"og:image\" content=\"https:\/\/gesiic-sorbonne.fr\/wp-content\/uploads\/2023\/02\/Cadre-RED.gif\" \/>\n<meta name=\"twitter:card\" content=\"summary_large_image\" \/>\n<meta name=\"twitter:site\" content=\"@gesiic_sorbonne\" \/>\n<meta name=\"twitter:label1\" content=\"Dur\u00e9e de lecture est.\">\n\t<meta name=\"twitter:data1\" content=\"3 minutes\">\n<script type=\"application\/ld+json\" class=\"yoast-schema-graph\">{\"@context\":\"https:\/\/schema.org\",\"@graph\":[{\"@type\":\"Organization\",\"@id\":\"https:\/\/gesiic-sorbonne.fr\/#organization\",\"name\":\"Master GESIIC de l'universit\\u00e9 Paris I\",\"url\":\"https:\/\/gesiic-sorbonne.fr\/\",\"sameAs\":[\"https:\/\/www.instagram.com\/master2gesiic\/?hl=en\",\"https:\/\/www.linkedin.com\/company\/m2-gesiic\/\",\"https:\/\/twitter.com\/gesiic_sorbonne\"],\"logo\":{\"@type\":\"ImageObject\",\"@id\":\"https:\/\/gesiic-sorbonne.fr\/#logo\",\"inLanguage\":\"fr-FR\",\"url\":\"https:\/\/gesiic-sorbonne.fr\/wp-content\/uploads\/2020\/12\/logo-master-1.png\",\"contentUrl\":\"https:\/\/gesiic-sorbonne.fr\/wp-content\/uploads\/2020\/12\/logo-master-1.png\",\"width\":318,\"height\":226,\"caption\":\"Master GESIIC de l'universit\\u00e9 Paris I\"},\"image\":{\"@id\":\"https:\/\/gesiic-sorbonne.fr\/#logo\"}},{\"@type\":\"WebSite\",\"@id\":\"https:\/\/gesiic-sorbonne.fr\/#website\",\"url\":\"https:\/\/gesiic-sorbonne.fr\/\",\"name\":\"Gestion et Strat\\u00e9gie de l'Investissement Immobilier et de la Construction\",\"description\":\"Nous formons les promoteurs et investisseurs immobiliers de demain qui fa\\u00e7onneront les villes d&#039;apr\\u00e8s-demain\",\"publisher\":{\"@id\":\"https:\/\/gesiic-sorbonne.fr\/#organization\"},\"potentialAction\":[{\"@type\":\"SearchAction\",\"target\":\"https:\/\/gesiic-sorbonne.fr\/?s={search_term_string}\",\"query-input\":\"required name=search_term_string\"}],\"inLanguage\":\"fr-FR\"},{\"@type\":\"ImageObject\",\"@id\":\"https:\/\/gesiic-sorbonne.fr\/?page_id=2997#primaryimage\",\"inLanguage\":\"fr-FR\",\"url\":\"https:\/\/gesiic-sorbonne.fr\/wp-content\/uploads\/2023\/02\/Cadre-RED.gif\",\"contentUrl\":\"https:\/\/gesiic-sorbonne.fr\/wp-content\/uploads\/2023\/02\/Cadre-RED.gif\",\"width\":521,\"height\":521},{\"@type\":\"WebPage\",\"@id\":\"https:\/\/gesiic-sorbonne.fr\/?page_id=2997#webpage\",\"url\":\"https:\/\/gesiic-sorbonne.fr\/?page_id=2997\",\"name\":\"LE NOUVEAU MASTER GESIIC - Gestion et Strat\\u00e9gie de l&#039;Investissement Immobilier et de la Construction\",\"isPartOf\":{\"@id\":\"https:\/\/gesiic-sorbonne.fr\/#website\"},\"primaryImageOfPage\":{\"@id\":\"https:\/\/gesiic-sorbonne.fr\/?page_id=2997#primaryimage\"},\"datePublished\":\"2023-02-09T15:06:02+00:00\",\"dateModified\":\"2026-03-21T10:18:32+00:00\",\"breadcrumb\":{\"@id\":\"https:\/\/gesiic-sorbonne.fr\/?page_id=2997#breadcrumb\"},\"inLanguage\":\"fr-FR\",\"potentialAction\":[{\"@type\":\"ReadAction\",\"target\":[\"https:\/\/gesiic-sorbonne.fr\/?page_id=2997\"]}]},{\"@type\":\"BreadcrumbList\",\"@id\":\"https:\/\/gesiic-sorbonne.fr\/?page_id=2997#breadcrumb\",\"itemListElement\":[{\"@type\":\"ListItem\",\"position\":1,\"item\":{\"@type\":\"WebPage\",\"@id\":\"https:\/\/gesiic-sorbonne.fr\/\",\"url\":\"https:\/\/gesiic-sorbonne.fr\/\",\"name\":\"Accueil\"}},{\"@type\":\"ListItem\",\"position\":2,\"item\":{\"@type\":\"WebPage\",\"@id\":\"https:\/\/gesiic-sorbonne.fr\/?page_id=629\",\"url\":\"https:\/\/gesiic-sorbonne.fr\/?page_id=629\",\"name\":\"LA VIE DU MASTER\"}},{\"@type\":\"ListItem\",\"position\":3,\"item\":{\"@type\":\"WebPage\",\"@id\":\"https:\/\/gesiic-sorbonne.fr\/?page_id=2997\",\"url\":\"https:\/\/gesiic-sorbonne.fr\/?page_id=2997\",\"name\":\"LE NOUVEAU MASTER GESIIC\"}}]}]}<\/script>\n<!-- \/ Yoast SEO plugin. -->","_links":{"self":[{"href":"https:\/\/gesiic-sorbonne.fr\/index.php?rest_route=\/wp\/v2\/pages\/2997","targetHints":{"allow":["GET"]}}],"collection":[{"href":"https:\/\/gesiic-sorbonne.fr\/index.php?rest_route=\/wp\/v2\/pages"}],"about":[{"href":"https:\/\/gesiic-sorbonne.fr\/index.php?rest_route=\/wp\/v2\/types\/page"}],"author":[{"embeddable":true,"href":"https:\/\/gesiic-sorbonne.fr\/index.php?rest_route=\/wp\/v2\/users\/4"}],"replies":[{"embeddable":true,"href":"https:\/\/gesiic-sorbonne.fr\/index.php?rest_route=%2Fwp%2Fv2%2Fcomments&post=2997"}],"version-history":[{"count":26,"href":"https:\/\/gesiic-sorbonne.fr\/index.php?rest_route=\/wp\/v2\/pages\/2997\/revisions"}],"predecessor-version":[{"id":4140,"href":"https:\/\/gesiic-sorbonne.fr\/index.php?rest_route=\/wp\/v2\/pages\/2997\/revisions\/4140"}],"up":[{"embeddable":true,"href":"https:\/\/gesiic-sorbonne.fr\/index.php?rest_route=\/wp\/v2\/pages\/629"}],"wp:attachment":[{"href":"https:\/\/gesiic-sorbonne.fr\/index.php?rest_route=%2Fwp%2Fv2%2Fmedia&parent=2997"}],"curies":[{"name":"wp","href":"https:\/\/api.w.org\/{rel}","templated":true}]}}