{"id":1988,"date":"2021-04-09T20:03:34","date_gmt":"2021-04-09T18:03:34","guid":{"rendered":"https:\/\/gesiic-sorbonne.fr\/?page_id=1988"},"modified":"2021-04-09T20:05:57","modified_gmt":"2021-04-09T18:05:57","slug":"collaborations-internationales","status":"publish","type":"page","link":"https:\/\/gesiic-sorbonne.fr\/?page_id=1988","title":{"rendered":"COLLABORATIONS INTERNATIONALES"},"content":{"rendered":"\n<p>Dans le cadre d&rsquo;un partenariat organis\u00e9 par la Chaire Globalisation et Monde \u00c9mergent qui regroupe l&rsquo;Universit\u00e9 Paris 1 Panth\u00e9on-Sorbonne et la F\u00e9d\u00e9ration des industries de l&rsquo;\u00c9tat de S\u00e3o Paulo (FIESP), une d\u00e9l\u00e9gation de cadres br\u00e9siliens du secteur de la construction vient tous les deux ans \u00e0 Paris pour participer au salon Batimat et \u00e0 des cours en Sorbonne.<\/p>\n\n\n\n<p>Cette \u00e9cole d&rsquo;automne a \u00e9t\u00e9 coordonn\u00e9e en 2013 et 2015 par Guillaume Chanson, directeur du master GESIIC et la plupart des interventions r\u00e9alis\u00e9es par des enseignants,&nbsp;professionnels et partenaires du master.<\/p>\n\n\n\n<figure class=\"wp-block-gallery columns-2 is-cropped wp-block-gallery-1 is-layout-flex wp-block-gallery-is-layout-flex\"><ul class=\"blocks-gallery-grid\"><li class=\"blocks-gallery-item\"><figure><img loading=\"lazy\" decoding=\"async\" width=\"334\" height=\"500\" src=\"https:\/\/gesiic-sorbonne.fr\/wp-content\/uploads\/2021\/04\/Chaire-Bezancon.jpg\" alt=\"\" data-id=\"1989\" data-full-url=\"https:\/\/gesiic-sorbonne.fr\/wp-content\/uploads\/2021\/04\/Chaire-Bezancon.jpg\" data-link=\"https:\/\/gesiic-sorbonne.fr\/?attachment_id=1989\" class=\"wp-image-1989\" srcset=\"https:\/\/gesiic-sorbonne.fr\/wp-content\/uploads\/2021\/04\/Chaire-Bezancon.jpg 334w, https:\/\/gesiic-sorbonne.fr\/wp-content\/uploads\/2021\/04\/Chaire-Bezancon-200x300.jpg 200w\" sizes=\"auto, (max-width: 334px) 100vw, 334px\" \/><\/figure><\/li><li class=\"blocks-gallery-item\"><figure><img loading=\"lazy\" decoding=\"async\" width=\"500\" height=\"333\" src=\"https:\/\/gesiic-sorbonne.fr\/wp-content\/uploads\/2021\/04\/Chaire-Bouchard.jpg\" alt=\"\" data-id=\"1990\" data-full-url=\"https:\/\/gesiic-sorbonne.fr\/wp-content\/uploads\/2021\/04\/Chaire-Bouchard.jpg\" data-link=\"https:\/\/gesiic-sorbonne.fr\/?attachment_id=1990\" class=\"wp-image-1990\" srcset=\"https:\/\/gesiic-sorbonne.fr\/wp-content\/uploads\/2021\/04\/Chaire-Bouchard.jpg 500w, https:\/\/gesiic-sorbonne.fr\/wp-content\/uploads\/2021\/04\/Chaire-Bouchard-300x200.jpg 300w, https:\/\/gesiic-sorbonne.fr\/wp-content\/uploads\/2021\/04\/Chaire-Bouchard-370x247.jpg 370w\" sizes=\"auto, (max-width: 500px) 100vw, 500px\" \/><\/figure><\/li><\/ul><\/figure>\n\n\n\n<p>Lors de cette \u00e9cole d&rsquo;automne 2015,<\/p>\n\n\n\n<ul class=\"wp-block-list\"><li>Guillaume Chanson (Universit\u00e9 Paris 1) a pr\u00e9sent\u00e9 de nouvelles approches en termes de&nbsp;<em>Business Models<\/em>,<\/li><li>Natacha Bouchart (s\u00e9natrice-maire de Calais), Marc Legrand (Calais Promotion) et Jean-Louis Coville (Groupe Elysees) ont \u00e9chang\u00e9 sur la promotion de projets de d\u00e9veloppement urbain et \u00e9conomique&nbsp;<\/li><li>Xavier Bezan\u00e7on (Entreprises g\u00e9n\u00e9rales de France&nbsp;&#8211; BTP) a mis en perspective historique les innovations dans la construction fran\u00e7aise en s&rsquo;arr\u00eatant tout particuli\u00e8rement sur les partenariats publics priv\u00e9s.<\/li><\/ul>\n","protected":false},"excerpt":{"rendered":"<p>Dans le cadre d&rsquo;un partenariat organis\u00e9 par la Chaire Globalisation et Monde \u00c9mergent qui regroupe l&rsquo;Universit\u00e9 Paris 1 Panth\u00e9on-Sorbonne et &hellip; <\/p>\n","protected":false},"author":13,"featured_media":0,"parent":0,"menu_order":0,"comment_status":"closed","ping_status":"closed","template":"","meta":{"_cbd_carousel_blocks":"[]","_monsterinsights_skip_tracking":false,"_monsterinsights_sitenote_active":false,"_monsterinsights_sitenote_note":"","_monsterinsights_sitenote_category":0,"footnotes":""},"class_list":["post-1988","page","type-page","status-publish","hentry"],"yoast_head":"<!-- This site is optimized with the Yoast SEO plugin v16.1.1 - https:\/\/yoast.com\/wordpress\/plugins\/seo\/ -->\n<title>COLLABORATIONS INTERNATIONALES - Gestion et Strat\u00e9gie de l&#039;Investissement Immobilier et de la Construction<\/title>\n<link rel=\"canonical\" href=\"https:\/\/gesiic-sorbonne.fr\/?page_id=1988\" \/>\n<meta property=\"og:locale\" content=\"fr_FR\" \/>\n<meta property=\"og:type\" content=\"article\" \/>\n<meta property=\"og:title\" content=\"COLLABORATIONS INTERNATIONALES - Gestion et Strat\u00e9gie de l&#039;Investissement Immobilier et de la Construction\" \/>\n<meta property=\"og:description\" content=\"Dans le cadre d&rsquo;un partenariat organis\u00e9 par la Chaire Globalisation et Monde \u00c9mergent qui regroupe l&rsquo;Universit\u00e9 Paris 1 Panth\u00e9on-Sorbonne et &hellip;\" \/>\n<meta property=\"og:url\" content=\"https:\/\/gesiic-sorbonne.fr\/?page_id=1988\" \/>\n<meta property=\"og:site_name\" content=\"Gestion et Strat\u00e9gie de l&#039;Investissement Immobilier et de la Construction\" \/>\n<meta property=\"article:modified_time\" content=\"2021-04-09T18:05:57+00:00\" \/>\n<meta property=\"og:image\" content=\"https:\/\/gesiic-sorbonne.fr\/wp-content\/uploads\/2021\/04\/Chaire-Bezancon.jpg\" \/>\n<meta name=\"twitter:card\" content=\"summary_large_image\" \/>\n<meta name=\"twitter:site\" content=\"@gesiic_sorbonne\" \/>\n<meta name=\"twitter:label1\" content=\"Dur\u00e9e de lecture est.\">\n\t<meta name=\"twitter:data1\" content=\"1 minute\">\n<script type=\"application\/ld+json\" class=\"yoast-schema-graph\">{\"@context\":\"https:\/\/schema.org\",\"@graph\":[{\"@type\":\"Organization\",\"@id\":\"https:\/\/gesiic-sorbonne.fr\/#organization\",\"name\":\"Master GESIIC de l'universit\\u00e9 Paris I\",\"url\":\"https:\/\/gesiic-sorbonne.fr\/\",\"sameAs\":[\"https:\/\/www.instagram.com\/master2gesiic\/?hl=en\",\"https:\/\/www.linkedin.com\/company\/m2-gesiic\/\",\"https:\/\/twitter.com\/gesiic_sorbonne\"],\"logo\":{\"@type\":\"ImageObject\",\"@id\":\"https:\/\/gesiic-sorbonne.fr\/#logo\",\"inLanguage\":\"fr-FR\",\"url\":\"https:\/\/gesiic-sorbonne.fr\/wp-content\/uploads\/2020\/12\/logo-master-1.png\",\"contentUrl\":\"https:\/\/gesiic-sorbonne.fr\/wp-content\/uploads\/2020\/12\/logo-master-1.png\",\"width\":318,\"height\":226,\"caption\":\"Master GESIIC de l'universit\\u00e9 Paris I\"},\"image\":{\"@id\":\"https:\/\/gesiic-sorbonne.fr\/#logo\"}},{\"@type\":\"WebSite\",\"@id\":\"https:\/\/gesiic-sorbonne.fr\/#website\",\"url\":\"https:\/\/gesiic-sorbonne.fr\/\",\"name\":\"Gestion et Strat\\u00e9gie de l'Investissement Immobilier et de la Construction\",\"description\":\"Nous formons les promoteurs et investisseurs immobiliers de demain qui fa\\u00e7onneront les villes d&#039;apr\\u00e8s-demain\",\"publisher\":{\"@id\":\"https:\/\/gesiic-sorbonne.fr\/#organization\"},\"potentialAction\":[{\"@type\":\"SearchAction\",\"target\":\"https:\/\/gesiic-sorbonne.fr\/?s={search_term_string}\",\"query-input\":\"required name=search_term_string\"}],\"inLanguage\":\"fr-FR\"},{\"@type\":\"ImageObject\",\"@id\":\"https:\/\/gesiic-sorbonne.fr\/?page_id=1988#primaryimage\",\"inLanguage\":\"fr-FR\",\"url\":\"https:\/\/gesiic-sorbonne.fr\/wp-content\/uploads\/2021\/04\/Chaire-Bezancon.jpg\",\"contentUrl\":\"https:\/\/gesiic-sorbonne.fr\/wp-content\/uploads\/2021\/04\/Chaire-Bezancon.jpg\",\"width\":334,\"height\":500},{\"@type\":\"WebPage\",\"@id\":\"https:\/\/gesiic-sorbonne.fr\/?page_id=1988#webpage\",\"url\":\"https:\/\/gesiic-sorbonne.fr\/?page_id=1988\",\"name\":\"COLLABORATIONS INTERNATIONALES - Gestion et Strat\\u00e9gie de l&#039;Investissement Immobilier et de la Construction\",\"isPartOf\":{\"@id\":\"https:\/\/gesiic-sorbonne.fr\/#website\"},\"primaryImageOfPage\":{\"@id\":\"https:\/\/gesiic-sorbonne.fr\/?page_id=1988#primaryimage\"},\"datePublished\":\"2021-04-09T18:03:34+00:00\",\"dateModified\":\"2021-04-09T18:05:57+00:00\",\"breadcrumb\":{\"@id\":\"https:\/\/gesiic-sorbonne.fr\/?page_id=1988#breadcrumb\"},\"inLanguage\":\"fr-FR\",\"potentialAction\":[{\"@type\":\"ReadAction\",\"target\":[\"https:\/\/gesiic-sorbonne.fr\/?page_id=1988\"]}]},{\"@type\":\"BreadcrumbList\",\"@id\":\"https:\/\/gesiic-sorbonne.fr\/?page_id=1988#breadcrumb\",\"itemListElement\":[{\"@type\":\"ListItem\",\"position\":1,\"item\":{\"@type\":\"WebPage\",\"@id\":\"https:\/\/gesiic-sorbonne.fr\/\",\"url\":\"https:\/\/gesiic-sorbonne.fr\/\",\"name\":\"Accueil\"}},{\"@type\":\"ListItem\",\"position\":2,\"item\":{\"@type\":\"WebPage\",\"@id\":\"https:\/\/gesiic-sorbonne.fr\/?page_id=1988\",\"url\":\"https:\/\/gesiic-sorbonne.fr\/?page_id=1988\",\"name\":\"COLLABORATIONS INTERNATIONALES\"}}]}]}<\/script>\n<!-- \/ Yoast SEO plugin. -->","_links":{"self":[{"href":"https:\/\/gesiic-sorbonne.fr\/index.php?rest_route=\/wp\/v2\/pages\/1988","targetHints":{"allow":["GET"]}}],"collection":[{"href":"https:\/\/gesiic-sorbonne.fr\/index.php?rest_route=\/wp\/v2\/pages"}],"about":[{"href":"https:\/\/gesiic-sorbonne.fr\/index.php?rest_route=\/wp\/v2\/types\/page"}],"author":[{"embeddable":true,"href":"https:\/\/gesiic-sorbonne.fr\/index.php?rest_route=\/wp\/v2\/users\/13"}],"replies":[{"embeddable":true,"href":"https:\/\/gesiic-sorbonne.fr\/index.php?rest_route=%2Fwp%2Fv2%2Fcomments&post=1988"}],"version-history":[{"count":3,"href":"https:\/\/gesiic-sorbonne.fr\/index.php?rest_route=\/wp\/v2\/pages\/1988\/revisions"}],"predecessor-version":[{"id":1996,"href":"https:\/\/gesiic-sorbonne.fr\/index.php?rest_route=\/wp\/v2\/pages\/1988\/revisions\/1996"}],"wp:attachment":[{"href":"https:\/\/gesiic-sorbonne.fr\/index.php?rest_route=%2Fwp%2Fv2%2Fmedia&parent=1988"}],"curies":[{"name":"wp","href":"https:\/\/api.w.org\/{rel}","templated":true}]}}